er when 63245355 is divided by 2442.
2439
Calculate the remainder when 911408 is divided by 10129.
9927
What is the remainder when 18559016 is divided by 3248?
3192
Calculate the remainder when 188027 is divided by 1678.
91
What is the remainder when 130307169 is divided by 245?
244
Calculate the remainder when 28714 is divided by 16395.
12319
Calculate the remainder when 4132019 is divided by 2151.
2099
What is the remainder when 22126552 is divided by 133?
7
Calculate the remainder when 19117 is divided by 85.
77
Calculate the remainder when 278720 is divided by 506.
420
What is the remainder when 2172441 is divided by 269?
266
What is the remainder when 57390 is divided by 6361?
141
What is the remainder when 15154 is divided by 3534?
1018
What is the remainder when 196300 is divided by 2592?
1900
Calculate the remainder when 331822 is divided by 2387.
29
Calculate the remainder when 13429 is divided by 1446.
415
Calculate the remainder when 1013283 is divided by 4876.
3951
What is the remainder when 19391816 is divided by 33?
26
Calculate the remainder when 9423541 is divided by 15.
1
Calculate the remainder when 3708591 is divided by 4780.
4091
Calculate the remainder when 40824 is divided by 113.
31
What is the remainder when 756798 is divided by 92?
6
Calculate the remainder when 1166956 is divided by 1958.
1946
What is the remainder when 46572 is divided by 1554?
1506
What is the remainder when 29272252 is divided by 63?
58
What is the remainder when 918162 is divided by 229510?
122
What is the remainder when 54873 is divided by 1635?
918
What is the remainder when 180777 is divided by 2909?
419
Calculate the remainder when 49523 is divided by 3535.
33
What is the remainder when 1281432 is divided by 314?
312
Calculate the remainder when 12066133 is divided by 39954.
25
Calculate the remainder when 903620 is divided by 236.
212
Calculate the remainder when 8362877 is divided by 350.
327
What is the remainder when 134963 is divided by 202?
27
Calculate the remainder when 1577627 is divided by 9172.
43
What is the remainder when 281149 is divided by 2628?
2581
What is the remainder when 204890 is divided by 1752?
1658
What is the remainder when 1592953 is divided by 1691?
31
Calculate the remainder when 144810 is divided by 658.
50
What is the remainder when 28973 is divided by 229?
119
What is the remainder when 396707 is divided by 584?
171
What is the remainder when 13437163 is divided by 641?
521
Calculate the remainder when 566361 is divided by 62528.
3609
Calculate the remainder when 6462174 is divided by 2154041.
51
What is the remainder when 706700 is divided by 1316?
8
Calculate the remainder when 954997 is divided by 1941.
25
Calculate the remainder when 9030 is divided by 127.
13
What is the remainder when 99172 is divided by 32239?
2455
Calculate the remainder when 22416888 is divided by 1318640.
8
What is the remainder when 4050908 is divided by 2025450?
8
What is the remainder when 17599382 is divided by 17599353?
29
What is the remainder when 21979336 is divided by 418?
60
What is the remainder when 67533007 is divided by 1570535?
2
What is the remainder when 1179976 is divided by 117965?
326
What is the remainder when 22565 is divided by 2355?
1370
Calculate the remainder when 3803903 is divided by 4255.
4188
Calculate the remainder when 72895 is divided by 2894.
545
What is the remainder when 514446 is divided by 68?
26
Calculate the remainder when 12195 is divided by 10796.
1399
What is the remainder when 134523007 is divided by 64?
63
Calculate the remainder when 1450397 is divided by 362456.
573
Calculate the remainder when 875768 is divided by 14595.
68
What is the remainder when 986196 is divided by 231?
57
Calculate the remainder when 3373470 is divided by 258.
120
Calculate the remainder when 107489519 is divided by 337.
336
Calculate the remainder when 33667 is divided by 235.
62
What is the remainder when 37293193 is divided by 971?
967
What is the remainder when 2247527 is divided by 2250?
2027
Calculate the remainder when 2797562 is divided by 63.
47
Calculate the remainder when 19746666 is divided by 3291111.
0
What is the remainder when 111939 is divided by 10153?
256
Calculate the remainder when 102889 is divided by 51278.
333
Calculate the remainder when 401859 is divided by 1353.
18
Calculate the remainder when 106381375 is divided by 665.
660
Calculate the remainder when 210105451 is divided by 202.
201
What is the remainder when 710586 is divided by 5592?
402
Calculate the remainder when 47391 is divided by 11692.
623
What is the remainder when 272060772 is divided by 144?
132
What is the remainder when 15818302 is divided by 3954504?
286
Calculate the remainder when 6035379 is divided by 3017537.
305
Calculate the remainder when 5009 is divided by 3770.
1239
What is the remainder when 6335696 is divided by 391?
323
What is the remainder when 39028483 is divided by 111?
106
Calculate the remainder when 84789727 is divided by 669.
667
What is the remainder when 5683 is divided by 1110?
133
What is the remainder when 27475755 is divided by 205?
15
What is the remainder when 178357 is divided by 1230?
7
What is the remainder when 165331492 is divided by 1202?
1200
What is the remainder when 41708 is divided by 2054?
628
What is the remainder when 686171 is divided by 542?
541
What is the remainder when 92073 is divided by 89200?
2873
Calculate the remainder when 46786718 is divided by 59.
13
Calculate the remainder when 6941140 is divided by 271.
17
Calculate the remainder when 25348 is divided by 1312.
420
What is the remainder when 244547881 is divided by 14385169?
8
Calculate the remainder when 112464 is divided by 11246.
4
Calculate the remainder when 150622 is divided by 204.
70
What is the remainder when 376066 is divided by 785?
51
Calculate the remainder when 1399465 is divided by 579.
22
Calculate the remainder when 43742 is divided by 19994.
3754
Calculate the remainder when 2917621 is divided by 1572.
1561
Calculate the remainder when 63267 is divided by 20948.
423
Calculate the remainder when 1307932 is divided by 50.
32
Calculate the remainder when 3313750 is divided by 74.
30
What is the remainder when 42407493 is divided by 367?
276
Calculate the remainder when 1488231 is divided by 238.
17
What is the remainder when 3020985 is divided by 1272?
1257
What is the remainder when 529666 is divided by 2803?
2702
Calculate the remainder when 1378220 is divided by 430.
70
What is the remainder when 60066 is divided by 57575?
2491
Calculate the remainder when 1143548 is divided by 568798.
5952
Calculate the remainder when 305484 is divided by 517.
454
What is the remainder when 2321092 is divided by 1160545?
2
Calculate the remainder when 6799702 is divided by 40962.
10
What is the remainder when 479941 is divided by 119704?
1125
What is the remainder when 14023 is divided by 4517?
472
What is the remainder when 1012932 is divided by 337637?
21
Calculate the remainder when 392285369 is divided by 30.
29
What is the remainder when 2274334 is divided by 636?
634
Calculate the remainder when 6869481 is divided by 4.
1
Calculate the remainder when 163605115 is divided by 1960.
1955
Calculate the remainder when 16196789 is divided by 149.
42
Calculate the remainder when 2876845 is divided by 25015.
120
Calculate the remainder when 87199 is divided by 7766.
1773
Calculate the remainder when 2875818 is divided by 1437795.
228
What is the remainder when 5174692558 is divided by 4104?
4102
Calculate the remainder when 65224608 is divided by 11.
9
What is the remainder when 168054387 is divided by 126?
123
Calculate the remainder when 15769550 is divided by 17.
10
Calculate the remainder when 126749 is divided by 164.
141
Calculate the remainder when 39648536 is divided by 33.
26
Calculate the remainder when 5336447 is divided by 64.
63
Calculate the remainder when 2572345 is divided by 399.
391
Calculate the remainder when 2060368 is divided by 34912.
560
What is the remainder when 724752 is divided by 1043?
910
Calculate the remainder when 40939280 is divided by 1732.
1728
Calculate the remainder when 16013899 is divided by 32.
11
Calculate the remainder when 178004 is divided by 32.
20
What is the rem